*2 + 294*d + 466. Determine s(100).
-134
Let i(m) = 704*m - 51303. Give i(73).
89
Let f(a) = 5858*a - 896278. What is f(153)?
-4
Let l(j) = -6753*j + 479370. Give l(71).
-93
Let t(x) = -x**3 - 145*x**2 + 600*x + 223. Calculate t(-149).
-373
Let j(o) = -297*o**2 - 41*o - 73. Determine j(-2).
-1179
Let y(k) = -1676*k + 38488. Determine y(23).
-60
Let q(t) = -t**3 - 106*t**2 - 89*t + 789. Calculate q(-105).
-891
Let x(k) = 68*k**2 - 335*k - 1108. Calculate x(-3).
509
Let f(z) = -2355*z**2 - 21201*z + 21. Calculate f(-9).
75
Let k(u) = u**2 - 5336*u + 1591017. Calculate k(317).
-6
Let p(o) = -o**3 - 10*o**2 + 379*o + 3436. Determine p(-21).
328
Let n(g) = -126307*g**2 + 1136755*g + 66. Give n(9).
-6
Let s(l) = -3*l**3 + 56*l**2 + 118*l + 104. What is s(21)?
-505
Let n(s) = -8220*s + 230085. Determine n(28).
-75
Let g(y) = 256*y**3 + 17923*y**2 + 228*y + 1283. What is g(-70)?
23
Let z(b) = -4876420*b + 14629247. Give z(3).
-13
Let x(u) = -4*u**3 - 85*u**2 + 198*u + 144. Determine x(-23).
-707
Let q(o) = 13742*o - 82537. What is q(6)?
-85
Let d(g) = 3*g**3 + 378*g**2 + 7584*g + 214. Give d(-25).
-11
Let x(u) = 2214*u**2 + 8818*u + 2. Determine x(-4).
154
Let b(d) = -1236*d**2 - 22234*d + 289. What is b(-18)?
37
Let h(l) = 1044*l + 1306. What is h(-2)?
-782
Let s(w) = -126*w**2 + 625*w + 16. Calculate s(5).
-9
Let n(y) = y**3 - 13*y**2 + 5*y - 587. Determine n(15).
-62
Let z(k) = k**3 + 453*k**2 + 3864*k + 135340. What is z(-445)?
60
Let v(s) = -s**3 - 516*s**2 - 504*s + 5664. Determine v(-515).
-1
Let h(i) = i**3 + 35*i**2 - 657*i + 1121. Calculate h(12).
5
Let d(o) = -2*o**3 + 304*o**2 - 266*o - 50094. Calculate d(150).
6
Let k(z) = 17249*z + 4795229. Give k(-278).
7
Let y(z) = -z**3 + 73*z**2 - 775*z + 34441. Determine y(69).
10
Let f(n) = 54*n**2 - 1663*n + 12761. What is f(15)?
-34
Let i(w) = w**3 - 26*w**2 - 331*w - 22. Calculate i(-9).
122
Let j(z) = 137*z**2 + 3412*z + 19604. Give j(-9).
-7
Let f(h) = 490*h - 2430. Give f(5).
20
Let y(x) = 11*x**3 + 8*x**2 + 878*x - 885. What is y(1)?
12
Let v(r) = 384*r + 3727. Determine v(-10).
-113
Let g(a) = a**2 + 143*a - 8082. Determine g(43).
-84
Let d(j) = -54*j**2 - 455*j - 57. Determine d(-7).
482
Let b(m) = -2*m**2 - 616*m - 10408. Determine b(-17).
-514
Let b(z) = 404*z + 126082. Determine b(-312).
34
Let a(c) = -48*c**2 - 597*c - 45. Calculate a(-12).
207
Let z(k) = -4*k**2 + 338*k + 2729. Give z(92).
-31
Let h(o) = -1005*o + 64446. Determine h(64).
126
Let l(d) = 1096*d**2 - 927*d - 79. Determine l(1).
90
Let x(g) = 3*g**3 - 163*g**2 - 1863*g + 430. Calculate x(64).
-18
Let o(z) = -z**3 - 10*z**2 + 205*z - 523. Determine o(10).
-473
Let j(q) = -3*q**2 - 96*q + 6304. Determine j(43).
-3371
Let c(h) = h**3 + 412*h**2 + 14208*h + 8. Calculate c(-38).
160
Let d(v) = 3*v**2 - 163*v - 2848. Determine d(-14).
22
Let t(g) = -g**2 - 49*g - 416. Calculate t(-12).
28
Let t(r) = -2*r**3 - 294*r**2 - 3588*r - 1383. What is t(-13)?
-31
Let r(a) = -13*a**2 - 93*a + 12083. Determine r(27).
95
Let h(a) = a**2 - 183*a + 7360. Calculate h(143).
1640
Let y(f) = 388*f**3 - 14*f**2 + 45*f + 61. Give y(-1).
-386
Let y(u) = 69678*u + 278721. Determine y(-4).
9
Let s(m) = -49*m**2 - 1230*m - 3689. Give s(-3).
-440
Let v(s) = 906*s - 203170. Determine v(225).
680
Let a(n) = n**3 - 16*n**2 - 13*n + 854. Give a(11).
106
Let j(p) = -8132*p + 81327. Give j(10).
7
Let p(h) = -h**3 + 10*h**2 + 92*h - 1024. Give p(12).
-208
Let i(c) = -1339*c - 79009. What is i(-59)?
-8
Let g(c) = 486*c**2 + 33535*c + 73. What is g(-69)?
4
Let b(j) = 8*j**2 + 661*j + 7428. Calculate b(-11).
1125
Let h(v) = -10599*v + 10622. What is h(1)?
23
Let d(p) = -1046*p + 19986. What is d(19)?
112
Let a(s) = -2*s**2 + 857*s + 2976. Determine a(432).
-48
Let d(a) = 3*a**3 + 90*a**2 + 1163*a + 34903. Determine d(-30).
13
Let f(d) = -1431*d - 322090. Calculate f(-225).
-115
Let u(n) = 5*n**3 + 2875*n**2 - 16*n - 9204. What is u(-575)?
-4
Let a(m) = -2*m**3 - 23*m**2 + 83*m + 862. Calculate a(-12).
10
Let q(m) = 2*m**3 - 9946*m**2 + 19879*m + 9. What is q(2)?
-1
Let m(f) = -9*f**2 + 55*f - 70. Calculate m(4).
6
Let r(y) = -73*y + 754. Calculate r(28).
-1290
Let k(j) = -2802*j + 16896. Give k(6).
84
Let r(y) = 2*y**3 + 14*y**2 + 25905*y + 181342. Determine r(-7).
7
Let s(t) = -4*t**2 + 26*t + 216. Calculate s(-7).
-162
Let f(x) = -x**3 - 20*x**2 + 64*x + 1492. Calculate f(-19).
-85
Let s(y) = -12418*y - 87104. What is s(-7)?
-178
Let c(r) = -r**3 - 137*r**2 + 745*r + 4965. Give c(-142).
-5
Let z(s) = -103*s**2 - 296*s - 2. Determine z(-2).
178
Let u(s) = -3*s**2 - 624*s - 26330. What is u(-149)?
43
Let d(u) = -7*u**3 - 31*u**2 + 1113*u - 31. What is d(-15)?
-76
Let i(k) = -39*k**2 - 1250*k - 53. Calculate i(-32).
11
Let f(q) = 3211*q - 593. Determine f(0).
-593
Let l(m) = 23751*m + 285091. Determine l(-12).
79
Let a(i) = 351*i - 2293. What is a(7)?
164
Let w(f) = 12*f**3 + 214*f**2 + 29*f - 23. Calculate w(-18).
-1193
Let o(p) = -36*p**3 + 4213*p**2 - 123*p + 633. What is o(117)?
-69
Let r(k) = 4247*k + 433183. Calculate r(-102).
-11
Let v(r) = 2643*r - 380579. Determine v(144).
13
Let s(j) = -231*j**2 + 5581*j - 931. Determine s(24).
-43
Let s(w) = w**3 + 27*w**2 + 25*w + 741. Determine s(-24).
1869
Let s(j) = 79629*j + 955545. What is s(-12)?
-3
Let s(a) = -54460*a + 1089232. Give s(20).
32
Let n(o) = -o**3 + 20410*o + 61201. What is n(-3)?
-2
Let h(t) = 40*t - 3155. Determine h(77).
-75
Let y(v) = -13*v**2 + 49*v - 413. Give y(8).
-853
Let c(l) = -4*l**3 - 394*l**2 - 5669*l + 4. Calculate c(-81).
-77
Let r(g) = 4036*g - 12164. What is r(3)?
-56
Let m(q) = 2*q**3 + 49*q**2 + 158*q + 1074. Calculate m(-22).
18
Let u(x) = x**3 + 15*x**2 + 27*x - 162. What is u(-17)?
-1199
Let u(k) = -3*k**3 + 38*k**2 - 1956*k + 23193. Determine u(12).
9
Let a(k) = 4768*k - 429002. Give a(90).
118
Let u(i) = 26785*i - 26793. Give u(1).
-8
Let y(h) = 35*h**2 + 3806*h - 24091. Calculate y(6).
5
Let y(d) = -5*d**3 - 2075*d**2 + 303*d + 125755. Give y(-415).
10
Let v(l) = 10744*l + 924081. Calculate v(-86).
97
Let p(z) = -z**3 - 2*z**2 + 1124*z - 2243. Give p(2).
-11
Let k(f) = 20095*f - 140606. What is k(7)?
59
Let w(u) = -308628*u + 5555305. Calculate w(18).
1
Let o(v) = 69*v**2 + 1351*v - 38. Calculate o(-19).
-798
Let r(d) = -18*d**2 - 308*d + 1030. Determine r(-20).
-10
Let c(i) = -13132*i + 183840. Give c(14).
-8
Let a(c) = -2425*c + 41262. Calculate a(17).
37
Let b(a) = a**3 - 4*a**2 + 40628*a - 243835. What is b(6)?
5
Let v(f) = 8*f**2 - 38*f - 341. What is v(15)?
889
Let v(z) = 2*z**2 + 536*z + 18740. What is v(-41)?
126
Let g(w) = w**3 + 503*w**2 - 17694*w + 76. Calculate g(33).
-122
Let a(z) = -z**3 + 21*z**2 - 33*z + 28. Determine a(-6).
1198
Let p(z) = -5*z**3 - 279*z**2 + 286*z + 27772. Determine p(-55).
-58
Let o(s) = 662*s - 19215. Give o(29).
-17
Let i(k) = 2*k**2 - 36*k + 357. What is i(20)?
437
Let i(u) = 3*u**2 - 190*u - 10292. Calculate i(99).
301
Let q(i) = -i**2 + 105*i - 1812. Calculate q(84).
-48
Let i(y) = 4*y**3 + 102*y**2 - y + 1268. What is i(-26)?
-58
Let b(a) = -a**3 - 5*a**2 + 980*a + 1879. Calculate b(0).
1879
Let l(c) = 7*c**2 - 38*c - 84. Give l(0).
-84
Let v(n) = 2*n**3 + 80*n**2 + 153*n + 3725. Calculate v(-39).
800
Let f(j) = -22*j**2 - 1652*j - 6659. Calculate f(-4).
-403
Let y(r) = 97467*r + 194940. Calculate y(-2).
6
Let v(i) = -10*i**3 - 30*i**2 + 104*i - 41. Give v(3).
-269
Let a(j) = 9084*j + 172631. Give a(-19).
35
Let v(r) = 20933*r**2 - 83725*r - 3. Calculate v(4).
25
Let f(k) = 17*k**2 + 2372*k + 25203. Give f(-128).
115
Let s(b) = 33*b**3 - 3038*b**2 + 180*b - 264. What is s(92)?
-632
Let u(n) = -n**3 - 2917*n**2 + 35153*n - 60. Give u(12).
0
Let x(r) = r**2 - 1726*r + 230688. Give x(146).
8
Let k(t) = t**3 - 7*t**2 - 11*t - 177. Determine k(-8).
-1049
Let v(q) = -54*q**3 + 273*q**2 - 267*q + 1271. Calculate v(5).
11
Let t(w) = 12*w**2 + 1799*w + 10298. Calculate t(-6).
-64
Let f(y) = -3*y**2 + 15107*y + 166703. Give f(-11).
163
Let v(y) = -2882*y - 475532. What is v(-165)?
-2
Let d(v) = v**3 + 197*v**2 + 26*v - 33334. What is d(-196)?
-14
Let i(a) = -a**3 + 178*a**2 - 7854*a - 1723. What is i(96)?
5
Let u(r) = -6*r**3 + 58*r**2 + 4*r - 9. Determine u(11).
-933
Let a(x) = -68*x**2 + 975*x - 2170. Determine a(10).
780
Let o(w) = 